ided by y.
7
Let g = -58 - -81. Suppose -o - 3*f = 0, -3*o = o + f - 22. What is the remainder when g is divided by o?
5
Let s(o) = -o**2 - 10*o + 2. What is the remainder when 8/(80/(-25))*(-152)/5 is divided by s(-6)?
24
Suppose -30 - 16 = -2*h. What is the remainder when h is divided by 12?
11
Let s be (20/(-3))/(4/(-18)). Let r = -21 + s. Let j = r + 44. Calculate the remainder when j is divided by 14.
11
Let y = 3 - -8. Let j be 63/2 + 3/(-2). Suppose j = 7*t - 2*t. What is the remainder when y is divided by t?
5
Suppose -4*k - 267 = -5*w + 74, 0 = -3*w + 2*k + 203. Calculate the remainder when w is divided by 17.
14
Suppose -m - 2*m + 15 = 2*o, -23 = -3*o - 5*m. Let f = -6 + o. Suppose 3*w = 4*z + 21 - f, 5*z = 15. Calculate the remainder when 31 is divided by w.
9
Suppose -5*o - m = -4*m - 18, -m - 1 = 0. What is the remainder when 3 is divided by o?
0
Let i be (-1)/(2 - 7/3). Suppose i*w = -w - 3*d + 71, 5*w = -5*d + 95. Suppose -3 = c - 2*m - 2*m, -2*m + 4 = 0. What is the remainder when w is divided by c?
4
Suppose -6*i + 2*i + 24 = 0. Calculate the remainder when 21 is divided by i.
3
Suppose -2*c + 9 = -19. Let s be ((-234)/(-3))/1 - -1. Suppose 157 = 3*k - g, -s = -k - 4*g - g. What is the remainder when k is divided by c?
12
Let g(v) = -v**3 - 2*v**2 + 6*v + 4. Let q be g(-6). Let k = 20 - 10. What is the remainder when q/6 - (-1)/3 is divided by k?
9
Suppose -4*d + 19 - 3 = 0. Suppose -2*f + 4*k = -16, -11 - 3 = -d*f + 2*k. Calculate the remainder when (-2)/(-10) + (-228)/(-60) is divided by f.
0
Let d = 97 - 88. Let f(m) be the first derivative of m**3/3 + m**2 + 2*m + 1. What is the remainder when f(-6) is divided by d?
8
Let o(y) = y**2 - 17*y - 47. Calculate the remainder when 50 is divided by o(20).
11
Let d = -49 - -84. Calculate the remainder when d is divided by 12.
11
Let q(b) = 5*b - 7. Calculate the remainder when q(5) is divided by ((-66)/44)/(9/(-48)).
2
Suppose 2*m - 3*m + 30 = -5*b, 2*b - 73 = -3*m. Suppose 0 = -3*o + 2*l + 54, 5*o - 36 = 3*o + 4*l. Let n = -9 + o. What is the remainder when m is divided by n?
7
Suppose 4*r - 2*r = -6. Let t(h) = 3*h**2 + 3*h + 4. What is the remainder when t(r) is divided by 8?
6
Suppose 5*i + 235 = -5*u, 5*u + i + 65 = -182. Calculate the remainder when 38 is divided by 8/16 - u/4.
12
Suppose -3*b + 44 - 2 = 0. What is the remainder when (820/(-30))/((-4)/6) is divided by b?
13
Let q be (2 - (0 - -3)) + 244. Suppose -q = -4*f - 51. What is the remainder when f is divided by 17?
14
Suppose 21*t - 60 = 16*t. Calculate the remainder when 59 is divided by t.
11
Let p(h) = h**3 + h**2 - h + 7. Calculate the remainder when 7 is divided by p(0).
0
Suppose d - 19 = -2. What is the remainder when 49 is divided by d?
15
Let d = 81 + -61. Calculate the remainder when 59 is divided by d.
19
Suppose 3*w + 5*n = -80, -2*n - 100 = 4*w + 3*n. What is the remainder when 44 is divided by 12/(-10)*w/2?
8
Let v(q) = -10*q - 7. What is the remainder when v(-6) is divided by 18?
17
Suppose -5*d - 14 = -7*d. What is the remainder when 144/14 + (-2)/d is divided by 4?
2
Let v be ((-3 - -2) + 0)*-3. Let d be (-2)/5 - 4/(-10). Suppose -2*q - 3*o + 6 = -0*o, -v*q - 5*o + 9 = d. Calculate the remainder when 7 is divided by q.
1
Let n = 6 + 4. Calculate the remainder when n is divided by 4.
2
Let j = 43 + -1. What is the remainder when j is divided by 11?
9
Let w(t) = t**3 + 4*t**2 + 4*t + 2. Let u be 2 + (-6)/3 + -2. Suppose -q - 12 = -4*d - 30, 16 = -4*d. Calculate the remainder when w(u) is divided by q.
0
Suppose 0 = 5*h - 13 + 198. Let g(b) = -b**2 + 3*b + 34. What is the remainder when g(0) is divided by (-3)/9 + h/(-3)?
10
Let t(r) = -r**2 + 15*r + 13. Let v be t(16). Let w = v + 13. Calculate the remainder when w is divided by 3.
1
Suppose 5*a + 4*q - 10 = 3*a, 4*a + 5*q - 20 = 0. Suppose -x - 2*n = -2*x + 2, 0 = -a*x - n + 32. What is the remainder when 21 is divided by x?
3
Let o(c) = -2*c - 6. Let t be o(-6). Let a be 7/(-2) - (-2)/4. Let i = a + t. What is the remainder when 8 is divided by i?
2
Let h be ((-4)/(-6))/(2/15). Suppose h = r - 6. What is the remainder when 32 is divided by r?
10
Let u(d) = -d**3 - 5*d**2 + 5*d + 6. Calculate the remainder when 45 is divided by u(-6).
9
Suppose y = 6*y - 75. What is the remainder when y is divided by 8?
7
Let d = 37 - 30. What is the remainder when 11 is divided by d?
4
Let s(q) = 5*q - 13. Let o(h) = -h**3 + 5*h**2 + 7. Calculate the remainder when s(8) is divided by o(5).
6
Suppose 0 = 2*l + 7*l - 756. Calculate the remainder when l is divided by 29.
26
Suppose -5*i - 20 = 0, -l = 4*l + 3*i - 43. What is the remainder when l is divided by 6?
5
Let t(o) = o**3 - o**2 - 2*o + 2. Calculate the remainder when t(2) is divided by 2.
0
Let r(c) = c**2 - 8*c + 5. Let v be r(7). Let x = 1 - v. What is the remainder when (-780)/(-4)*1/x is divided by 17?
14
Suppose 0 = 2*q + 5*q - 462. What is the remainder when q is divided by 34?
32
Let j(u) = -u**3 + u**2 - 3*u + 90. Calculate the remainder when j(0) is divided by 20.
10
Let w be 4*2/(-8)*-2. Suppose -2*k - q = w*q - 48, 0 = 4*q - 16. What is the remainder when k is divided by 10?
8
Let p(b) = -b**2 + 3*b + 2. Let g be p(3). Let t = 48 - 41. Calculate the remainder when t is divided by (g/(-4))/((-3)/24).
3
Let g(q) = -12*q - 28. What is the remainder when 84 is divided by g(-6)?
40
Let m = 365 + -248. What is the remainder when m is divided by 12?
9
Suppose -4*r + 5 = 1. Let b be -2 - -4 - (10 + r). Calculate the remainder when 23 is divided by 16/(-6)*b/2.
11
Calculate the remainder when 28 is divided by (1 - -8)*1 + 18/(-6).
4
Suppose i = 98 - 31. What is the remainder when i is divided by 14?
11
Suppose 0 = 7*y - 8*y + 16. Calculate the remainder when 39 is divided by y.
7
Suppose 38*j = 42*j - 72. What is the remainder when 106 is divided by j?
16
Suppose 8*t + 3*l = 4*t + 229, -l = -5*t + 291. Calculate the remainder when t is divided by 12.
10
Calculate the remainder when 61 is divided by (-2)/5 + (22/5 - 0).
1
Suppose 0 = 4*l - i + 2*i + 399, -4*l + 5*i - 381 = 0. What is the remainder when l/(-3) + 2/(-2) is divided by 12?
8
Suppose -4*t = 5*x - 190, x + 4 = t + 33. What is the remainder when x is divided by 18?
16
Suppose 22 = 2*m - w, 0 = -2*m + 3*m - w - 13. Calculate the remainder when (3/(-2))/((-1)/28) is divided by m.
6
Let u be 2/5 + (-577)/5. Let f = -57 - u. Calculate the remainder when f is divided by 15.
13
Let g(d) = 2*d**2 - d + 1. Let l = 7 - 6. Suppose 0 = -3*o + 1 + 5. Calculate the remainder when o is divided by g(l).
0
What is the remainder when 44 is divided by (-42)/(-2) + (-7 - -9)?
21
What is the remainder when 37 is divided by 252/16 + 3/(-4)?
7
Let a(n) be the third derivative of 2*n**2 + 1/4*n**4 + 0*n + 0 - 7/6*n**3. What is the remainder when a(7) is divided by 18?
17
Let b = 3 + -1. Suppose 177 = -b*l + 5*l. What is the remainder when l is divided by 20?
19
Suppose -a + 2 = -0*a. Let b = -2 + 7. Suppose -2*r - 1 + b = 0. Calculate the remainder when a is divided by r.
0
Let z be (-1)/(-4) - 14/(-8). Suppose 0 = -2*v + z*i + 44, 4*i + 47 = v + 8*i. Calculate the remainder when v is divided by 15.
12
Let r(y) = 3*y**2 - 4*y - 9. Calculate the remainder when r(-3) is divided by 11.
8
Let q(m) = -m**3 + 17*m**2 + 17*m + 21. Let j(r) = r**3 + 7*r**2 + 7*r + 8. Calculate the remainder when q(18) is divided by j(-6).
1
Let q(g) = -5*g - 3. Let j be ((-4)/(-10))/(1/(-5)). Suppose 26 = f + 6. Calculate the remainder when f is divided by q(j).
6
Suppose 3*v - m + 5*m + 3 = 0, 3*v = -5*m - 3. Let y = 4 - v. What is the remainder when 18 is divided by y?
3
Calculate the remainder when 145 is divided by -40*-5*((-1)/(-4))/1.
45
What is the remainder when ((-32)/12)/(1/(-18)) + -2 is divided by 8?
6
Let q(b) = 4*b + 36. What is the remainder when 118 is divided by q(-7)?
6
Let r be -1 + (-3 - -8 - -1). Suppose r = 3*w - 10. Suppose -f - 3*u = -19, -20 = 3*f + 4*u - 67. Calculate the remainder when f is divided by w.
3
Let c(s) = 2*s**2 - 2*s - 3. Calculate the remainder when 77/3 - (-12)/36 is divided by c(3).
8
Let j = -19 + 31. Suppose 3*p + 4*p - 322 = 0. What is the remainder when p is divided by j?
10
Suppose -115 = -4*v + 3*i, 2*v = 4*i - 0*i + 70. What is the remainder 